{"id":17121,"date":"2021-09-07T13:43:57","date_gmt":"2021-09-07T13:43:57","guid":{"rendered":"https:\/\/santuariodosameiro.paletadeideias.com\/?page_id=17121"},"modified":"2025-01-28T15:37:07","modified_gmt":"2025-01-28T15:37:07","slug":"tabela-de-precos-dos-portes","status":"publish","type":"page","link":"https:\/\/santuariodosameiro.pt\/loja\/tabela-de-precos-dos-portes\/","title":{"rendered":"Tabela de pre\u00e7os dos portes"},"content":{"rendered":"<p>[vc_row][vc_column][vc_custom_heading text=&#8221;Tabela de Pre\u00e7os dos portes&#8221; font_container=&#8221;tag:h3|text_align:left&#8221; use_theme_fonts=&#8221;yes&#8221;][vc_column_text]S\u00e3o apresentados nesta p\u00e1gina as condi\u00e7\u00f5es relativas aos portes de envio.<\/p>\n<p>Os custos de portes s\u00e3o diferenciados para Portugal continental, para os arquip\u00e9lagos insulares de Portugal e para o resto do mundo.<\/p>\n<p><strong>Portes com 50% de desconto<\/strong> aplicados automaticamente no checkout.<\/p>\n<p><strong>Campanha v\u00e1lida de 01 de janeiro at\u00e9 31 de dezembro de 2025<\/strong><\/p>\n<p>O sistema de encomenda calcula automaticamente o valor dos portes.<\/p>\n<p>O Santu\u00e1rio do Sameiro usa as tabelas seguintes para c\u00e1lculo do valor dos portes:[\/vc_column_text][vc_row_inner css=&#8221;.vc_custom_1670258650612{margin-bottom: 60px !important;}&#8221;][vc_column_inner el_class=&#8221;tabela-portes&#8221; width=&#8221;1\/2&#8243;][vc_column_text]<\/p>\n<h5>Portugal Continental<\/h5>\n<table>\n<tbody>\n<tr>\n<th>Peso<\/th>\n<th>Zona T1<\/th>\n<th>Zona T2<\/th>\n<\/tr>\n<tr>\n<td>At\u00e9 2kg<\/td>\n<td>7,85\u20ac<\/td>\n<td>9,15\u20ac<\/td>\n<\/tr>\n<tr>\n<td>&gt; 2kg &#8211; 5kg<\/td>\n<td>10,00\u20ac<\/td>\n<td>11,50\u20ac<\/td>\n<\/tr>\n<tr>\n<td>&gt; 5kg &#8211; 10kg<\/td>\n<td>14,80\u20ac<\/td>\n<td>16,75\u20ac<\/td>\n<\/tr>\n<\/tbody>\n<\/table>\n<p>[\/vc_column_text][\/vc_column_inner][vc_column_inner el_class=&#8221;tabela-portes&#8221; width=&#8221;1\/2&#8243;][vc_column_text]<\/p>\n<h5>Portugal Ilhas<\/h5>\n<table>\n<tbody>\n<tr>\n<th>Peso<\/th>\n<th>A\u00e7ores<\/th>\n<th>Madeira<\/th>\n<\/tr>\n<tr>\n<td>At\u00e9 2kg<\/td>\n<td>12,25\u20ac<\/td>\n<td>11,20\u20ac<\/td>\n<\/tr>\n<tr>\n<td>2kg \u2013 3kg<\/td>\n<td>15,90\u20ac<\/td>\n<td>15,35\u20ac<\/td>\n<\/tr>\n<tr>\n<td>3kg \u2013 4kg<\/td>\n<td>16,10\u20ac<\/td>\n<td>16,35\u20ac<\/td>\n<\/tr>\n<tr>\n<td>4kg \u2013 5kg<\/td>\n<td>17,15\u20ac<\/td>\n<td>17,00\u20ac<\/td>\n<\/tr>\n<tr>\n<td>5kg \u2013 6kg<\/td>\n<td>22,55\u20ac<\/td>\n<td>22,40\u20ac<\/td>\n<\/tr>\n<tr>\n<td>6kg \u2013 7kg<\/td>\n<td>25,70\u20ac<\/td>\n<td>25,15\u20ac<\/td>\n<\/tr>\n<tr>\n<td>7kg \u2013 8kg<\/td>\n<td>27,70\u20ac<\/td>\n<td>27,05\u20ac<\/td>\n<\/tr>\n<tr>\n<td>8kg \u2013 9kg<\/td>\n<td>28,50\u20ac<\/td>\n<td>27,85\u20ac<\/td>\n<\/tr>\n<tr>\n<td>9kg \u2013 10kg<\/td>\n<td>28,90\u20ac<\/td>\n<td>28,50\u20ac<\/td>\n<\/tr>\n<\/tbody>\n<\/table>\n<p>[\/vc_column_text][\/vc_column_inner][\/vc_row_inner][vc_column_text css=&#8221;.vc_custom_1736878975092{margin-top: 40px !important;}&#8221;]NOTA IMPORTANTE: todas as encomendas recebidas at\u00e9 \u00e0s 12h ser\u00e3o remetidas no pr\u00f3prio dia, recebendo o Cliente a encomenda no dia \u00fatil seguinte. Qualquer encomenda recebida no sistema ap\u00f3s as 12h, ser\u00e1 tratada e despachada no dia \u00fatil seguinte.<\/p>\n<p>Em caso de d\u00favidas, entre em <a href=\"https:\/\/santuariodosameiro.pt\/loja\/contactos\/\">contacto<\/a> connosco.[\/vc_column_text][\/vc_column][\/vc_row]<\/p>\n","protected":false},"excerpt":{"rendered":"<p>[vc_row][vc_column][vc_custom_heading text=&#8221;Tabela de Pre\u00e7os dos portes&#8221; font_container=&#8221;tag:h3|text_align:left&#8221; use_theme_fonts=&#8221;yes&#8221;][vc_column_text]S\u00e3o apresentados nesta p\u00e1gina as condi\u00e7\u00f5es relativas aos portes de envio. Os custos de portes s\u00e3o diferenciados para Portugal continental, para os arquip\u00e9lagos insulares de Portugal e para o resto do mundo. Portes com 50% de desconto aplicados automaticamente no checkout. Campanha v\u00e1lida de 01 de janeiro at\u00e9 [&hellip;]<\/p>\n","protected":false},"author":1,"featured_media":0,"parent":0,"menu_order":0,"comment_status":"closed","ping_status":"closed","template":"","meta":{"om_disable_all_campaigns":false,"_monsterinsights_skip_tracking":false,"_monsterinsights_sitenote_active":false,"_monsterinsights_sitenote_note":"","_monsterinsights_sitenote_category":0,"footnotes":""},"class_list":["post-17121","page","type-page","status-publish","hentry"],"aioseo_notices":[],"yoast_head":"<!-- This site is optimized with the Yoast SEO plugin v27.5 - https:\/\/yoast.com\/product\/yoast-seo-wordpress\/ -->\n<title>Tabela de pre\u00e7os dos portes - Loja oficial do Santu\u00e1rio do Sameiro<\/title>\n<meta name=\"robots\" content=\"index, follow, max-snippet:-1, max-image-preview:large, max-video-preview:-1\" \/>\n<link rel=\"canonical\" href=\"https:\/\/santuariodosameiro.pt\/loja\/tabela-de-precos-dos-portes\/\" \/>\n<meta property=\"og:locale\" content=\"pt_PT\" \/>\n<meta property=\"og:type\" content=\"article\" \/>\n<meta property=\"og:title\" content=\"Tabela de pre\u00e7os dos portes - Loja oficial do Santu\u00e1rio do Sameiro\" \/>\n<meta property=\"og:description\" content=\"[vc_row][vc_column][vc_custom_heading text=&#8221;Tabela de Pre\u00e7os dos portes&#8221; font_container=&#8221;tag:h3|text_align:left&#8221; use_theme_fonts=&#8221;yes&#8221;][vc_column_text]S\u00e3o apresentados nesta p\u00e1gina as condi\u00e7\u00f5es relativas aos portes de envio. Os custos de portes s\u00e3o diferenciados para Portugal continental, para os arquip\u00e9lagos insulares de Portugal e para o resto do mundo. Portes com 50% de desconto aplicados automaticamente no checkout. Campanha v\u00e1lida de 01 de janeiro at\u00e9 [&hellip;]\" \/>\n<meta property=\"og:url\" content=\"https:\/\/santuariodosameiro.pt\/loja\/tabela-de-precos-dos-portes\/\" \/>\n<meta property=\"og:site_name\" content=\"Loja oficial do Santu\u00e1rio do Sameiro\" \/>\n<meta property=\"article:modified_time\" content=\"2025-01-28T15:37:07+00:00\" \/>\n<meta name=\"twitter:card\" content=\"summary_large_image\" \/>\n<meta name=\"twitter:label1\" content=\"Tempo estimado de leitura\" \/>\n\t<meta name=\"twitter:data1\" content=\"3 minutos\" \/>\n<script type=\"application\/ld+json\" class=\"yoast-schema-graph\">{\"@context\":\"https:\\\/\\\/schema.org\",\"@graph\":[{\"@type\":\"WebPage\",\"@id\":\"https:\\\/\\\/santuariodosameiro.pt\\\/loja\\\/tabela-de-precos-dos-portes\\\/\",\"url\":\"https:\\\/\\\/santuariodosameiro.pt\\\/loja\\\/tabela-de-precos-dos-portes\\\/\",\"name\":\"Tabela de pre\u00e7os dos portes - Loja oficial do Santu\u00e1rio do Sameiro\",\"isPartOf\":{\"@id\":\"https:\\\/\\\/santuariodosameiro.pt\\\/loja\\\/#website\"},\"datePublished\":\"2021-09-07T13:43:57+00:00\",\"dateModified\":\"2025-01-28T15:37:07+00:00\",\"breadcrumb\":{\"@id\":\"https:\\\/\\\/santuariodosameiro.pt\\\/loja\\\/tabela-de-precos-dos-portes\\\/#breadcrumb\"},\"inLanguage\":\"pt-PT\",\"potentialAction\":[{\"@type\":\"ReadAction\",\"target\":[\"https:\\\/\\\/santuariodosameiro.pt\\\/loja\\\/tabela-de-precos-dos-portes\\\/\"]}]},{\"@type\":\"BreadcrumbList\",\"@id\":\"https:\\\/\\\/santuariodosameiro.pt\\\/loja\\\/tabela-de-precos-dos-portes\\\/#breadcrumb\",\"itemListElement\":[{\"@type\":\"ListItem\",\"position\":1,\"name\":\"In\u00edcio\",\"item\":\"https:\\\/\\\/santuariodosameiro.pt\\\/loja\\\/\"},{\"@type\":\"ListItem\",\"position\":2,\"name\":\"Tabela de pre\u00e7os dos portes\"}]},{\"@type\":\"WebSite\",\"@id\":\"https:\\\/\\\/santuariodosameiro.pt\\\/loja\\\/#website\",\"url\":\"https:\\\/\\\/santuariodosameiro.pt\\\/loja\\\/\",\"name\":\"Loja oficial do Santu\u00e1rio do Sameiro\",\"description\":\"Recorda\u00e7\u00f5es com imagem de Nossa Senhora do Sameiro e do Santu\u00e1rio do Sameiro.\",\"potentialAction\":[{\"@type\":\"SearchAction\",\"target\":{\"@type\":\"EntryPoint\",\"urlTemplate\":\"https:\\\/\\\/santuariodosameiro.pt\\\/loja\\\/?s={search_term_string}\"},\"query-input\":{\"@type\":\"PropertyValueSpecification\",\"valueRequired\":true,\"valueName\":\"search_term_string\"}}],\"inLanguage\":\"pt-PT\"}]}<\/script>\n<!-- \/ Yoast SEO plugin. -->","yoast_head_json":{"title":"Tabela de pre\u00e7os dos portes - Loja oficial do Santu\u00e1rio do Sameiro","robots":{"index":"index","follow":"follow","max-snippet":"max-snippet:-1","max-image-preview":"max-image-preview:large","max-video-preview":"max-video-preview:-1"},"canonical":"https:\/\/santuariodosameiro.pt\/loja\/tabela-de-precos-dos-portes\/","og_locale":"pt_PT","og_type":"article","og_title":"Tabela de pre\u00e7os dos portes - Loja oficial do Santu\u00e1rio do Sameiro","og_description":"[vc_row][vc_column][vc_custom_heading text=&#8221;Tabela de Pre\u00e7os dos portes&#8221; font_container=&#8221;tag:h3|text_align:left&#8221; use_theme_fonts=&#8221;yes&#8221;][vc_column_text]S\u00e3o apresentados nesta p\u00e1gina as condi\u00e7\u00f5es relativas aos portes de envio. Os custos de portes s\u00e3o diferenciados para Portugal continental, para os arquip\u00e9lagos insulares de Portugal e para o resto do mundo. Portes com 50% de desconto aplicados automaticamente no checkout. Campanha v\u00e1lida de 01 de janeiro at\u00e9 [&hellip;]","og_url":"https:\/\/santuariodosameiro.pt\/loja\/tabela-de-precos-dos-portes\/","og_site_name":"Loja oficial do Santu\u00e1rio do Sameiro","article_modified_time":"2025-01-28T15:37:07+00:00","twitter_card":"summary_large_image","twitter_misc":{"Tempo estimado de leitura":"3 minutos"},"schema":{"@context":"https:\/\/schema.org","@graph":[{"@type":"WebPage","@id":"https:\/\/santuariodosameiro.pt\/loja\/tabela-de-precos-dos-portes\/","url":"https:\/\/santuariodosameiro.pt\/loja\/tabela-de-precos-dos-portes\/","name":"Tabela de pre\u00e7os dos portes - Loja oficial do Santu\u00e1rio do Sameiro","isPartOf":{"@id":"https:\/\/santuariodosameiro.pt\/loja\/#website"},"datePublished":"2021-09-07T13:43:57+00:00","dateModified":"2025-01-28T15:37:07+00:00","breadcrumb":{"@id":"https:\/\/santuariodosameiro.pt\/loja\/tabela-de-precos-dos-portes\/#breadcrumb"},"inLanguage":"pt-PT","potentialAction":[{"@type":"ReadAction","target":["https:\/\/santuariodosameiro.pt\/loja\/tabela-de-precos-dos-portes\/"]}]},{"@type":"BreadcrumbList","@id":"https:\/\/santuariodosameiro.pt\/loja\/tabela-de-precos-dos-portes\/#breadcrumb","itemListElement":[{"@type":"ListItem","position":1,"name":"In\u00edcio","item":"https:\/\/santuariodosameiro.pt\/loja\/"},{"@type":"ListItem","position":2,"name":"Tabela de pre\u00e7os dos portes"}]},{"@type":"WebSite","@id":"https:\/\/santuariodosameiro.pt\/loja\/#website","url":"https:\/\/santuariodosameiro.pt\/loja\/","name":"Loja oficial do Santu\u00e1rio do Sameiro","description":"Recorda\u00e7\u00f5es com imagem de Nossa Senhora do Sameiro e do Santu\u00e1rio do Sameiro.","potentialAction":[{"@type":"SearchAction","target":{"@type":"EntryPoint","urlTemplate":"https:\/\/santuariodosameiro.pt\/loja\/?s={search_term_string}"},"query-input":{"@type":"PropertyValueSpecification","valueRequired":true,"valueName":"search_term_string"}}],"inLanguage":"pt-PT"}]}},"jetpack-related-posts":[],"jetpack_sharing_enabled":true,"_links":{"self":[{"href":"https:\/\/santuariodosameiro.pt\/loja\/wp-json\/wp\/v2\/pages\/17121","targetHints":{"allow":["GET"]}}],"collection":[{"href":"https:\/\/santuariodosameiro.pt\/loja\/wp-json\/wp\/v2\/pages"}],"about":[{"href":"https:\/\/santuariodosameiro.pt\/loja\/wp-json\/wp\/v2\/types\/page"}],"author":[{"embeddable":true,"href":"https:\/\/santuariodosameiro.pt\/loja\/wp-json\/wp\/v2\/users\/1"}],"replies":[{"embeddable":true,"href":"https:\/\/santuariodosameiro.pt\/loja\/wp-json\/wp\/v2\/comments?post=17121"}],"version-history":[{"count":29,"href":"https:\/\/santuariodosameiro.pt\/loja\/wp-json\/wp\/v2\/pages\/17121\/revisions"}],"predecessor-version":[{"id":24260,"href":"https:\/\/santuariodosameiro.pt\/loja\/wp-json\/wp\/v2\/pages\/17121\/revisions\/24260"}],"wp:attachment":[{"href":"https:\/\/santuariodosameiro.pt\/loja\/wp-json\/wp\/v2\/media?parent=17121"}],"curies":[{"name":"wp","href":"https:\/\/api.w.org\/{rel}","templated":true}]}}