{"id":18925,"date":"2022-11-26T20:00:18","date_gmt":"2022-11-26T20:00:18","guid":{"rendered":"https:\/\/santuario2.paletadeideias.com\/lojaonline\/?post_type=product&#038;p=18925"},"modified":"2023-05-28T15:24:00","modified_gmt":"2023-05-28T15:24:00","slug":"joao-paulo-ii-em-marfinite-33cm","status":"publish","type":"product","link":"https:\/\/santuariodosameiro.pt\/loja\/produto\/imagens-religiosas\/sao-joao-paulo-ii\/joao-paulo-ii-em-marfinite-33cm\/","title":{"rendered":"Jo\u00e3o Paulo II em marfinite pintada \u00e0 m\u00e3o, 33cm"},"content":{"rendered":"<p>Imagem do papa S\u00e3o Jo\u00e3o Paulo II em marfinite, 33cm, pintada \u00e0 m\u00e3o. Imagem muito elegante e bem trabalhada, representado de p\u00e9, segurando a Cruz de Cristo e dando a sua ben\u00e7\u00e3o.<\/p>\n","protected":false},"excerpt":{"rendered":"<p>Imagem do papa S\u00e3o Jo\u00e3o Paulo II em marfinite, 33cm, pintada \u00e0 m\u00e3o. Imagem muito elegante e bem trabalhada, representado de p\u00e9, segurando a Cruz de Cristo e dando a sua ben\u00e7\u00e3o.<\/p>\n","protected":false},"featured_media":19513,"template":"","meta":{"om_disable_all_campaigns":false,"_monsterinsights_skip_tracking":false,"_monsterinsights_sitenote_active":false,"_monsterinsights_sitenote_note":"","_monsterinsights_sitenote_category":0},"product_brand":[],"product_cat":[234,137],"product_tag":[],"class_list":{"0":"post-18925","1":"product","2":"type-product","3":"status-publish","4":"has-post-thumbnail","6":"product_cat-sao-joao-paulo-ii","7":"product_cat-imagens-religiosas","8":"tm-no-options","10":"first","11":"instock","12":"taxable","13":"shipping-taxable","14":"purchasable","15":"product-type-simple"},"aioseo_notices":[],"yoast_head":"<!-- This site is optimized with the Yoast SEO plugin v27.5 - https:\/\/yoast.com\/product\/yoast-seo-wordpress\/ -->\n<title>Jo\u00e3o Paulo II em marfinite pintada \u00e0 m\u00e3o, 33cm<\/title>\n<meta name=\"robots\" content=\"index, follow, max-snippet:-1, max-image-preview:large, max-video-preview:-1\" \/>\n<link rel=\"canonical\" href=\"https:\/\/santuariodosameiro.pt\/loja\/produto\/imagens-religiosas\/sao-joao-paulo-ii\/joao-paulo-ii-em-marfinite-33cm\/\" \/>\n<meta property=\"og:locale\" content=\"pt_PT\" \/>\n<meta property=\"og:type\" content=\"article\" \/>\n<meta property=\"og:title\" content=\"Jo\u00e3o Paulo II em marfinite pintada \u00e0 m\u00e3o, 33cm\" \/>\n<meta property=\"og:description\" content=\"Imagem do papa S\u00e3o Jo\u00e3o Paulo II em marfinite, 33cm, pintada \u00e0 m\u00e3o. Imagem muito elegante e bem trabalhada, representado de p\u00e9, segurando a Cruz de Cristo e dando a sua ben\u00e7\u00e3o.\" \/>\n<meta property=\"og:url\" content=\"https:\/\/santuariodosameiro.pt\/loja\/produto\/imagens-religiosas\/sao-joao-paulo-ii\/joao-paulo-ii-em-marfinite-33cm\/\" \/>\n<meta property=\"og:site_name\" content=\"Loja oficial do Santu\u00e1rio do Sameiro\" \/>\n<meta property=\"article:modified_time\" content=\"2023-05-28T15:24:00+00:00\" \/>\n<meta property=\"og:image\" content=\"https:\/\/santuariodosameiro.pt\/loja\/wp-content\/uploads\/2022\/11\/002-012-501-586-Joao-Paulo-II-em-marfinite-33cm_Santuario-do-Sameiro-Braga-Portugal-1.jpg\" \/>\n\t<meta property=\"og:image:width\" content=\"1000\" \/>\n\t<meta property=\"og:image:height\" content=\"1000\" \/>\n\t<meta property=\"og:image:type\" content=\"image\/jpeg\" \/>\n<meta name=\"twitter:card\" content=\"summary_large_image\" \/>\n<meta name=\"twitter:label1\" content=\"Tempo estimado de leitura\" \/>\n\t<meta name=\"twitter:data1\" content=\"1 minuto\" \/>\n<script type=\"application\/ld+json\" class=\"yoast-schema-graph\">{\"@context\":\"https:\\\/\\\/schema.org\",\"@graph\":[{\"@type\":\"WebPage\",\"@id\":\"https:\\\/\\\/santuariodosameiro.pt\\\/loja\\\/produto\\\/imagens-religiosas\\\/sao-joao-paulo-ii\\\/joao-paulo-ii-em-marfinite-33cm\\\/\",\"url\":\"https:\\\/\\\/santuariodosameiro.pt\\\/loja\\\/produto\\\/imagens-religiosas\\\/sao-joao-paulo-ii\\\/joao-paulo-ii-em-marfinite-33cm\\\/\",\"name\":\"Jo\u00e3o Paulo II em marfinite pintada \u00e0 m\u00e3o, 33cm\",\"isPartOf\":{\"@id\":\"https:\\\/\\\/santuariodosameiro.pt\\\/loja\\\/#website\"},\"primaryImageOfPage\":{\"@id\":\"https:\\\/\\\/santuariodosameiro.pt\\\/loja\\\/produto\\\/imagens-religiosas\\\/sao-joao-paulo-ii\\\/joao-paulo-ii-em-marfinite-33cm\\\/#primaryimage\"},\"image\":{\"@id\":\"https:\\\/\\\/santuariodosameiro.pt\\\/loja\\\/produto\\\/imagens-religiosas\\\/sao-joao-paulo-ii\\\/joao-paulo-ii-em-marfinite-33cm\\\/#primaryimage\"},\"thumbnailUrl\":\"https:\\\/\\\/santuariodosameiro.pt\\\/loja\\\/wp-content\\\/uploads\\\/2022\\\/11\\\/002-012-501-586-Joao-Paulo-II-em-marfinite-33cm_Santuario-do-Sameiro-Braga-Portugal-1.jpg\",\"datePublished\":\"2022-11-26T20:00:18+00:00\",\"dateModified\":\"2023-05-28T15:24:00+00:00\",\"breadcrumb\":{\"@id\":\"https:\\\/\\\/santuariodosameiro.pt\\\/loja\\\/produto\\\/imagens-religiosas\\\/sao-joao-paulo-ii\\\/joao-paulo-ii-em-marfinite-33cm\\\/#breadcrumb\"},\"inLanguage\":\"pt-PT\",\"potentialAction\":[{\"@type\":\"ReadAction\",\"target\":[\"https:\\\/\\\/santuariodosameiro.pt\\\/loja\\\/produto\\\/imagens-religiosas\\\/sao-joao-paulo-ii\\\/joao-paulo-ii-em-marfinite-33cm\\\/\"]}]},{\"@type\":\"ImageObject\",\"inLanguage\":\"pt-PT\",\"@id\":\"https:\\\/\\\/santuariodosameiro.pt\\\/loja\\\/produto\\\/imagens-religiosas\\\/sao-joao-paulo-ii\\\/joao-paulo-ii-em-marfinite-33cm\\\/#primaryimage\",\"url\":\"https:\\\/\\\/santuariodosameiro.pt\\\/loja\\\/wp-content\\\/uploads\\\/2022\\\/11\\\/002-012-501-586-Joao-Paulo-II-em-marfinite-33cm_Santuario-do-Sameiro-Braga-Portugal-1.jpg\",\"contentUrl\":\"https:\\\/\\\/santuariodosameiro.pt\\\/loja\\\/wp-content\\\/uploads\\\/2022\\\/11\\\/002-012-501-586-Joao-Paulo-II-em-marfinite-33cm_Santuario-do-Sameiro-Braga-Portugal-1.jpg\",\"width\":1000,\"height\":1000},{\"@type\":\"BreadcrumbList\",\"@id\":\"https:\\\/\\\/santuariodosameiro.pt\\\/loja\\\/produto\\\/imagens-religiosas\\\/sao-joao-paulo-ii\\\/joao-paulo-ii-em-marfinite-33cm\\\/#breadcrumb\",\"itemListElement\":[{\"@type\":\"ListItem\",\"position\":1,\"name\":\"In\u00edcio\",\"item\":\"https:\\\/\\\/santuariodosameiro.pt\\\/loja\\\/\"},{\"@type\":\"ListItem\",\"position\":2,\"name\":\"Loja\",\"item\":\"https:\\\/\\\/santuariodosameiro.pt\\\/loja\\\/loja\\\/\"},{\"@type\":\"ListItem\",\"position\":3,\"name\":\"Jo\u00e3o Paulo II em marfinite pintada \u00e0 m\u00e3o, 33cm\"}]},{\"@type\":\"WebSite\",\"@id\":\"https:\\\/\\\/santuariodosameiro.pt\\\/loja\\\/#website\",\"url\":\"https:\\\/\\\/santuariodosameiro.pt\\\/loja\\\/\",\"name\":\"Loja oficial do Santu\u00e1rio do Sameiro\",\"description\":\"Recorda\u00e7\u00f5es com imagem de Nossa Senhora do Sameiro e do Santu\u00e1rio do Sameiro.\",\"potentialAction\":[{\"@type\":\"SearchAction\",\"target\":{\"@type\":\"EntryPoint\",\"urlTemplate\":\"https:\\\/\\\/santuariodosameiro.pt\\\/loja\\\/?s={search_term_string}\"},\"query-input\":{\"@type\":\"PropertyValueSpecification\",\"valueRequired\":true,\"valueName\":\"search_term_string\"}}],\"inLanguage\":\"pt-PT\"}]}<\/script>\n<!-- \/ Yoast SEO plugin. -->","yoast_head_json":{"title":"Jo\u00e3o Paulo II em marfinite pintada \u00e0 m\u00e3o, 33cm","robots":{"index":"index","follow":"follow","max-snippet":"max-snippet:-1","max-image-preview":"max-image-preview:large","max-video-preview":"max-video-preview:-1"},"canonical":"https:\/\/santuariodosameiro.pt\/loja\/produto\/imagens-religiosas\/sao-joao-paulo-ii\/joao-paulo-ii-em-marfinite-33cm\/","og_locale":"pt_PT","og_type":"article","og_title":"Jo\u00e3o Paulo II em marfinite pintada \u00e0 m\u00e3o, 33cm","og_description":"Imagem do papa S\u00e3o Jo\u00e3o Paulo II em marfinite, 33cm, pintada \u00e0 m\u00e3o. Imagem muito elegante e bem trabalhada, representado de p\u00e9, segurando a Cruz de Cristo e dando a sua ben\u00e7\u00e3o.","og_url":"https:\/\/santuariodosameiro.pt\/loja\/produto\/imagens-religiosas\/sao-joao-paulo-ii\/joao-paulo-ii-em-marfinite-33cm\/","og_site_name":"Loja oficial do Santu\u00e1rio do Sameiro","article_modified_time":"2023-05-28T15:24:00+00:00","og_image":[{"width":1000,"height":1000,"url":"https:\/\/santuariodosameiro.pt\/loja\/wp-content\/uploads\/2022\/11\/002-012-501-586-Joao-Paulo-II-em-marfinite-33cm_Santuario-do-Sameiro-Braga-Portugal-1.jpg","type":"image\/jpeg"}],"twitter_card":"summary_large_image","twitter_misc":{"Tempo estimado de leitura":"1 minuto"},"schema":{"@context":"https:\/\/schema.org","@graph":[{"@type":"WebPage","@id":"https:\/\/santuariodosameiro.pt\/loja\/produto\/imagens-religiosas\/sao-joao-paulo-ii\/joao-paulo-ii-em-marfinite-33cm\/","url":"https:\/\/santuariodosameiro.pt\/loja\/produto\/imagens-religiosas\/sao-joao-paulo-ii\/joao-paulo-ii-em-marfinite-33cm\/","name":"Jo\u00e3o Paulo II em marfinite pintada \u00e0 m\u00e3o, 33cm","isPartOf":{"@id":"https:\/\/santuariodosameiro.pt\/loja\/#website"},"primaryImageOfPage":{"@id":"https:\/\/santuariodosameiro.pt\/loja\/produto\/imagens-religiosas\/sao-joao-paulo-ii\/joao-paulo-ii-em-marfinite-33cm\/#primaryimage"},"image":{"@id":"https:\/\/santuariodosameiro.pt\/loja\/produto\/imagens-religiosas\/sao-joao-paulo-ii\/joao-paulo-ii-em-marfinite-33cm\/#primaryimage"},"thumbnailUrl":"https:\/\/santuariodosameiro.pt\/loja\/wp-content\/uploads\/2022\/11\/002-012-501-586-Joao-Paulo-II-em-marfinite-33cm_Santuario-do-Sameiro-Braga-Portugal-1.jpg","datePublished":"2022-11-26T20:00:18+00:00","dateModified":"2023-05-28T15:24:00+00:00","breadcrumb":{"@id":"https:\/\/santuariodosameiro.pt\/loja\/produto\/imagens-religiosas\/sao-joao-paulo-ii\/joao-paulo-ii-em-marfinite-33cm\/#breadcrumb"},"inLanguage":"pt-PT","potentialAction":[{"@type":"ReadAction","target":["https:\/\/santuariodosameiro.pt\/loja\/produto\/imagens-religiosas\/sao-joao-paulo-ii\/joao-paulo-ii-em-marfinite-33cm\/"]}]},{"@type":"ImageObject","inLanguage":"pt-PT","@id":"https:\/\/santuariodosameiro.pt\/loja\/produto\/imagens-religiosas\/sao-joao-paulo-ii\/joao-paulo-ii-em-marfinite-33cm\/#primaryimage","url":"https:\/\/santuariodosameiro.pt\/loja\/wp-content\/uploads\/2022\/11\/002-012-501-586-Joao-Paulo-II-em-marfinite-33cm_Santuario-do-Sameiro-Braga-Portugal-1.jpg","contentUrl":"https:\/\/santuariodosameiro.pt\/loja\/wp-content\/uploads\/2022\/11\/002-012-501-586-Joao-Paulo-II-em-marfinite-33cm_Santuario-do-Sameiro-Braga-Portugal-1.jpg","width":1000,"height":1000},{"@type":"BreadcrumbList","@id":"https:\/\/santuariodosameiro.pt\/loja\/produto\/imagens-religiosas\/sao-joao-paulo-ii\/joao-paulo-ii-em-marfinite-33cm\/#breadcrumb","itemListElement":[{"@type":"ListItem","position":1,"name":"In\u00edcio","item":"https:\/\/santuariodosameiro.pt\/loja\/"},{"@type":"ListItem","position":2,"name":"Loja","item":"https:\/\/santuariodosameiro.pt\/loja\/loja\/"},{"@type":"ListItem","position":3,"name":"Jo\u00e3o Paulo II em marfinite pintada \u00e0 m\u00e3o, 33cm"}]},{"@type":"WebSite","@id":"https:\/\/santuariodosameiro.pt\/loja\/#website","url":"https:\/\/santuariodosameiro.pt\/loja\/","name":"Loja oficial do Santu\u00e1rio do Sameiro","description":"Recorda\u00e7\u00f5es com imagem de Nossa Senhora do Sameiro e do Santu\u00e1rio do Sameiro.","potentialAction":[{"@type":"SearchAction","target":{"@type":"EntryPoint","urlTemplate":"https:\/\/santuariodosameiro.pt\/loja\/?s={search_term_string}"},"query-input":{"@type":"PropertyValueSpecification","valueRequired":true,"valueName":"search_term_string"}}],"inLanguage":"pt-PT"}]}},"wcol_rules":[],"jetpack-related-posts":[],"jetpack_sharing_enabled":true,"_links":{"self":[{"href":"https:\/\/santuariodosameiro.pt\/loja\/wp-json\/wp\/v2\/product\/18925","targetHints":{"allow":["GET"]}}],"collection":[{"href":"https:\/\/santuariodosameiro.pt\/loja\/wp-json\/wp\/v2\/product"}],"about":[{"href":"https:\/\/santuariodosameiro.pt\/loja\/wp-json\/wp\/v2\/types\/product"}],"wp:featuredmedia":[{"embeddable":true,"href":"https:\/\/santuariodosameiro.pt\/loja\/wp-json\/wp\/v2\/media\/19513"}],"wp:attachment":[{"href":"https:\/\/santuariodosameiro.pt\/loja\/wp-json\/wp\/v2\/media?parent=18925"}],"wp:term":[{"taxonomy":"product_brand","embeddable":true,"href":"https:\/\/santuariodosameiro.pt\/loja\/wp-json\/wp\/v2\/product_brand?post=18925"},{"taxonomy":"product_cat","embeddable":true,"href":"https:\/\/santuariodosameiro.pt\/loja\/wp-json\/wp\/v2\/product_cat?post=18925"},{"taxonomy":"product_tag","embeddable":true,"href":"https:\/\/santuariodosameiro.pt\/loja\/wp-json\/wp\/v2\/product_tag?post=18925"}],"curies":[{"name":"wp","href":"https:\/\/api.w.org\/{rel}","templated":true}]}}