{"id":20270,"date":"2022-10-30T17:22:22","date_gmt":"2022-10-30T17:22:22","guid":{"rendered":"https:\/\/santuario2.paletadeideias.com\/lojaonline\/?post_type=product&#038;p=20270"},"modified":"2023-09-22T10:54:14","modified_gmt":"2023-09-22T10:54:14","slug":"pulseira-cores-variadas-com-cruz-e-medalha-da-nossa-senhora-do-sameiro-com-anjo","status":"publish","type":"product","link":"https:\/\/santuariodosameiro.pt\/loja\/produto\/recordacoes\/pulseiras\/pulseira-cores-variadas-com-cruz-e-medalha-da-nossa-senhora-do-sameiro-com-anjo\/","title":{"rendered":"Pulseira cores variadas com cruz e medalha da Nossa Senhora do Sameiro com Anjo"},"content":{"rendered":"<p>Pulseira\u00a0 \u00a0el\u00e1stica em pl\u00e1stico com cores variadas com cruz e medalha da Nossa Senhora do Sameiro com Anjo, para crian\u00e7a com el\u00e1stico dispon\u00edvel em branco com cruz em prata, bege com cruz dourada e branco com cruz dourada.<\/p>\n","protected":false},"excerpt":{"rendered":"<p>Pulseira\u00a0 \u00a0el\u00e1stica em pl\u00e1stico com cores variadas com cruz e medalha da Nossa Senhora do Sameiro com Anjo, para crian\u00e7a com el\u00e1stico dispon\u00edvel em branco com cruz em prata, bege com cruz dourada e branco com cruz dourada.<\/p>\n","protected":false},"featured_media":20277,"template":"","meta":{"om_disable_all_campaigns":false,"_monsterinsights_skip_tracking":false,"_monsterinsights_sitenote_active":false,"_monsterinsights_sitenote_note":"","_monsterinsights_sitenote_category":0},"product_brand":[],"product_cat":[154,231],"product_tag":[],"class_list":{"0":"post-20270","1":"product","2":"type-product","3":"status-publish","4":"has-post-thumbnail","6":"product_cat-recordacoes","7":"product_cat-pulseiras","8":"tm-no-options","10":"first","11":"outofstock","12":"taxable","13":"shipping-taxable","14":"purchasable","15":"product-type-variable"},"aioseo_notices":[],"yoast_head":"<!-- This site is optimized with the Yoast SEO plugin v27.5 - https:\/\/yoast.com\/product\/yoast-seo-wordpress\/ -->\n<title>Pulseira cores variadas com cruz e medalha da Nossa Senhora do Sameiro com Anjo<\/title>\n<meta name=\"robots\" content=\"index, follow, max-snippet:-1, max-image-preview:large, max-video-preview:-1\" \/>\n<link rel=\"canonical\" href=\"https:\/\/santuariodosameiro.pt\/loja\/produto\/recordacoes\/pulseiras\/pulseira-cores-variadas-com-cruz-e-medalha-da-nossa-senhora-do-sameiro-com-anjo\/\" \/>\n<meta property=\"og:locale\" content=\"pt_PT\" \/>\n<meta property=\"og:type\" content=\"article\" \/>\n<meta property=\"og:title\" content=\"Pulseira cores variadas com cruz e medalha da Nossa Senhora do Sameiro com Anjo\" \/>\n<meta property=\"og:description\" content=\"Pulseira\u00a0 \u00a0el\u00e1stica em pl\u00e1stico com cores variadas com cruz e medalha da Nossa Senhora do Sameiro com Anjo, para crian\u00e7a com el\u00e1stico dispon\u00edvel em branco com cruz em prata, bege com cruz dourada e branco com cruz dourada.\" \/>\n<meta property=\"og:url\" content=\"https:\/\/santuariodosameiro.pt\/loja\/produto\/recordacoes\/pulseiras\/pulseira-cores-variadas-com-cruz-e-medalha-da-nossa-senhora-do-sameiro-com-anjo\/\" \/>\n<meta property=\"og:site_name\" content=\"Loja oficial do Santu\u00e1rio do Sameiro\" \/>\n<meta property=\"article:modified_time\" content=\"2023-09-22T10:54:14+00:00\" \/>\n<meta property=\"og:image\" content=\"https:\/\/santuariodosameiro.pt\/loja\/wp-content\/uploads\/2022\/12\/011-011-511-DIVMET5CRUZES-Pulseira-cores-variadas-Santuario-do-Sameiro-Braga-Portugal.jpg.jpg\" \/>\n\t<meta property=\"og:image:width\" content=\"1000\" \/>\n\t<meta property=\"og:image:height\" content=\"1000\" \/>\n\t<meta property=\"og:image:type\" content=\"image\/jpeg\" \/>\n<meta name=\"twitter:card\" content=\"summary_large_image\" \/>\n<meta name=\"twitter:label1\" content=\"Tempo estimado de leitura\" \/>\n\t<meta name=\"twitter:data1\" content=\"1 minuto\" \/>\n<script type=\"application\/ld+json\" class=\"yoast-schema-graph\">{\"@context\":\"https:\\\/\\\/schema.org\",\"@graph\":[{\"@type\":\"WebPage\",\"@id\":\"https:\\\/\\\/santuariodosameiro.pt\\\/loja\\\/produto\\\/recordacoes\\\/pulseiras\\\/pulseira-cores-variadas-com-cruz-e-medalha-da-nossa-senhora-do-sameiro-com-anjo\\\/\",\"url\":\"https:\\\/\\\/santuariodosameiro.pt\\\/loja\\\/produto\\\/recordacoes\\\/pulseiras\\\/pulseira-cores-variadas-com-cruz-e-medalha-da-nossa-senhora-do-sameiro-com-anjo\\\/\",\"name\":\"Pulseira cores variadas com cruz e medalha da Nossa Senhora do Sameiro com Anjo\",\"isPartOf\":{\"@id\":\"https:\\\/\\\/santuariodosameiro.pt\\\/loja\\\/#website\"},\"primaryImageOfPage\":{\"@id\":\"https:\\\/\\\/santuariodosameiro.pt\\\/loja\\\/produto\\\/recordacoes\\\/pulseiras\\\/pulseira-cores-variadas-com-cruz-e-medalha-da-nossa-senhora-do-sameiro-com-anjo\\\/#primaryimage\"},\"image\":{\"@id\":\"https:\\\/\\\/santuariodosameiro.pt\\\/loja\\\/produto\\\/recordacoes\\\/pulseiras\\\/pulseira-cores-variadas-com-cruz-e-medalha-da-nossa-senhora-do-sameiro-com-anjo\\\/#primaryimage\"},\"thumbnailUrl\":\"https:\\\/\\\/santuariodosameiro.pt\\\/loja\\\/wp-content\\\/uploads\\\/2022\\\/12\\\/011-011-511-DIVMET5CRUZES-Pulseira-cores-variadas-Santuario-do-Sameiro-Braga-Portugal.jpg.jpg\",\"datePublished\":\"2022-10-30T17:22:22+00:00\",\"dateModified\":\"2023-09-22T10:54:14+00:00\",\"breadcrumb\":{\"@id\":\"https:\\\/\\\/santuariodosameiro.pt\\\/loja\\\/produto\\\/recordacoes\\\/pulseiras\\\/pulseira-cores-variadas-com-cruz-e-medalha-da-nossa-senhora-do-sameiro-com-anjo\\\/#breadcrumb\"},\"inLanguage\":\"pt-PT\",\"potentialAction\":[{\"@type\":\"ReadAction\",\"target\":[\"https:\\\/\\\/santuariodosameiro.pt\\\/loja\\\/produto\\\/recordacoes\\\/pulseiras\\\/pulseira-cores-variadas-com-cruz-e-medalha-da-nossa-senhora-do-sameiro-com-anjo\\\/\"]}]},{\"@type\":\"ImageObject\",\"inLanguage\":\"pt-PT\",\"@id\":\"https:\\\/\\\/santuariodosameiro.pt\\\/loja\\\/produto\\\/recordacoes\\\/pulseiras\\\/pulseira-cores-variadas-com-cruz-e-medalha-da-nossa-senhora-do-sameiro-com-anjo\\\/#primaryimage\",\"url\":\"https:\\\/\\\/santuariodosameiro.pt\\\/loja\\\/wp-content\\\/uploads\\\/2022\\\/12\\\/011-011-511-DIVMET5CRUZES-Pulseira-cores-variadas-Santuario-do-Sameiro-Braga-Portugal.jpg.jpg\",\"contentUrl\":\"https:\\\/\\\/santuariodosameiro.pt\\\/loja\\\/wp-content\\\/uploads\\\/2022\\\/12\\\/011-011-511-DIVMET5CRUZES-Pulseira-cores-variadas-Santuario-do-Sameiro-Braga-Portugal.jpg.jpg\",\"width\":1000,\"height\":1000},{\"@type\":\"BreadcrumbList\",\"@id\":\"https:\\\/\\\/santuariodosameiro.pt\\\/loja\\\/produto\\\/recordacoes\\\/pulseiras\\\/pulseira-cores-variadas-com-cruz-e-medalha-da-nossa-senhora-do-sameiro-com-anjo\\\/#breadcrumb\",\"itemListElement\":[{\"@type\":\"ListItem\",\"position\":1,\"name\":\"In\u00edcio\",\"item\":\"https:\\\/\\\/santuariodosameiro.pt\\\/loja\\\/\"},{\"@type\":\"ListItem\",\"position\":2,\"name\":\"Loja\",\"item\":\"https:\\\/\\\/santuariodosameiro.pt\\\/loja\\\/loja\\\/\"},{\"@type\":\"ListItem\",\"position\":3,\"name\":\"Pulseira cores variadas com cruz e medalha da Nossa Senhora do Sameiro com Anjo\"}]},{\"@type\":\"WebSite\",\"@id\":\"https:\\\/\\\/santuariodosameiro.pt\\\/loja\\\/#website\",\"url\":\"https:\\\/\\\/santuariodosameiro.pt\\\/loja\\\/\",\"name\":\"Loja oficial do Santu\u00e1rio do Sameiro\",\"description\":\"Recorda\u00e7\u00f5es com imagem de Nossa Senhora do Sameiro e do Santu\u00e1rio do Sameiro.\",\"potentialAction\":[{\"@type\":\"SearchAction\",\"target\":{\"@type\":\"EntryPoint\",\"urlTemplate\":\"https:\\\/\\\/santuariodosameiro.pt\\\/loja\\\/?s={search_term_string}\"},\"query-input\":{\"@type\":\"PropertyValueSpecification\",\"valueRequired\":true,\"valueName\":\"search_term_string\"}}],\"inLanguage\":\"pt-PT\"}]}<\/script>\n<!-- \/ Yoast SEO plugin. -->","yoast_head_json":{"title":"Pulseira cores variadas com cruz e medalha da Nossa Senhora do Sameiro com Anjo","robots":{"index":"index","follow":"follow","max-snippet":"max-snippet:-1","max-image-preview":"max-image-preview:large","max-video-preview":"max-video-preview:-1"},"canonical":"https:\/\/santuariodosameiro.pt\/loja\/produto\/recordacoes\/pulseiras\/pulseira-cores-variadas-com-cruz-e-medalha-da-nossa-senhora-do-sameiro-com-anjo\/","og_locale":"pt_PT","og_type":"article","og_title":"Pulseira cores variadas com cruz e medalha da Nossa Senhora do Sameiro com Anjo","og_description":"Pulseira\u00a0 \u00a0el\u00e1stica em pl\u00e1stico com cores variadas com cruz e medalha da Nossa Senhora do Sameiro com Anjo, para crian\u00e7a com el\u00e1stico dispon\u00edvel em branco com cruz em prata, bege com cruz dourada e branco com cruz dourada.","og_url":"https:\/\/santuariodosameiro.pt\/loja\/produto\/recordacoes\/pulseiras\/pulseira-cores-variadas-com-cruz-e-medalha-da-nossa-senhora-do-sameiro-com-anjo\/","og_site_name":"Loja oficial do Santu\u00e1rio do Sameiro","article_modified_time":"2023-09-22T10:54:14+00:00","og_image":[{"width":1000,"height":1000,"url":"https:\/\/santuariodosameiro.pt\/loja\/wp-content\/uploads\/2022\/12\/011-011-511-DIVMET5CRUZES-Pulseira-cores-variadas-Santuario-do-Sameiro-Braga-Portugal.jpg.jpg","type":"image\/jpeg"}],"twitter_card":"summary_large_image","twitter_misc":{"Tempo estimado de leitura":"1 minuto"},"schema":{"@context":"https:\/\/schema.org","@graph":[{"@type":"WebPage","@id":"https:\/\/santuariodosameiro.pt\/loja\/produto\/recordacoes\/pulseiras\/pulseira-cores-variadas-com-cruz-e-medalha-da-nossa-senhora-do-sameiro-com-anjo\/","url":"https:\/\/santuariodosameiro.pt\/loja\/produto\/recordacoes\/pulseiras\/pulseira-cores-variadas-com-cruz-e-medalha-da-nossa-senhora-do-sameiro-com-anjo\/","name":"Pulseira cores variadas com cruz e medalha da Nossa Senhora do Sameiro com Anjo","isPartOf":{"@id":"https:\/\/santuariodosameiro.pt\/loja\/#website"},"primaryImageOfPage":{"@id":"https:\/\/santuariodosameiro.pt\/loja\/produto\/recordacoes\/pulseiras\/pulseira-cores-variadas-com-cruz-e-medalha-da-nossa-senhora-do-sameiro-com-anjo\/#primaryimage"},"image":{"@id":"https:\/\/santuariodosameiro.pt\/loja\/produto\/recordacoes\/pulseiras\/pulseira-cores-variadas-com-cruz-e-medalha-da-nossa-senhora-do-sameiro-com-anjo\/#primaryimage"},"thumbnailUrl":"https:\/\/santuariodosameiro.pt\/loja\/wp-content\/uploads\/2022\/12\/011-011-511-DIVMET5CRUZES-Pulseira-cores-variadas-Santuario-do-Sameiro-Braga-Portugal.jpg.jpg","datePublished":"2022-10-30T17:22:22+00:00","dateModified":"2023-09-22T10:54:14+00:00","breadcrumb":{"@id":"https:\/\/santuariodosameiro.pt\/loja\/produto\/recordacoes\/pulseiras\/pulseira-cores-variadas-com-cruz-e-medalha-da-nossa-senhora-do-sameiro-com-anjo\/#breadcrumb"},"inLanguage":"pt-PT","potentialAction":[{"@type":"ReadAction","target":["https:\/\/santuariodosameiro.pt\/loja\/produto\/recordacoes\/pulseiras\/pulseira-cores-variadas-com-cruz-e-medalha-da-nossa-senhora-do-sameiro-com-anjo\/"]}]},{"@type":"ImageObject","inLanguage":"pt-PT","@id":"https:\/\/santuariodosameiro.pt\/loja\/produto\/recordacoes\/pulseiras\/pulseira-cores-variadas-com-cruz-e-medalha-da-nossa-senhora-do-sameiro-com-anjo\/#primaryimage","url":"https:\/\/santuariodosameiro.pt\/loja\/wp-content\/uploads\/2022\/12\/011-011-511-DIVMET5CRUZES-Pulseira-cores-variadas-Santuario-do-Sameiro-Braga-Portugal.jpg.jpg","contentUrl":"https:\/\/santuariodosameiro.pt\/loja\/wp-content\/uploads\/2022\/12\/011-011-511-DIVMET5CRUZES-Pulseira-cores-variadas-Santuario-do-Sameiro-Braga-Portugal.jpg.jpg","width":1000,"height":1000},{"@type":"BreadcrumbList","@id":"https:\/\/santuariodosameiro.pt\/loja\/produto\/recordacoes\/pulseiras\/pulseira-cores-variadas-com-cruz-e-medalha-da-nossa-senhora-do-sameiro-com-anjo\/#breadcrumb","itemListElement":[{"@type":"ListItem","position":1,"name":"In\u00edcio","item":"https:\/\/santuariodosameiro.pt\/loja\/"},{"@type":"ListItem","position":2,"name":"Loja","item":"https:\/\/santuariodosameiro.pt\/loja\/loja\/"},{"@type":"ListItem","position":3,"name":"Pulseira cores variadas com cruz e medalha da Nossa Senhora do Sameiro com Anjo"}]},{"@type":"WebSite","@id":"https:\/\/santuariodosameiro.pt\/loja\/#website","url":"https:\/\/santuariodosameiro.pt\/loja\/","name":"Loja oficial do Santu\u00e1rio do Sameiro","description":"Recorda\u00e7\u00f5es com imagem de Nossa Senhora do Sameiro e do Santu\u00e1rio do Sameiro.","potentialAction":[{"@type":"SearchAction","target":{"@type":"EntryPoint","urlTemplate":"https:\/\/santuariodosameiro.pt\/loja\/?s={search_term_string}"},"query-input":{"@type":"PropertyValueSpecification","valueRequired":true,"valueName":"search_term_string"}}],"inLanguage":"pt-PT"}]}},"wcol_rules":[],"jetpack-related-posts":[],"jetpack_sharing_enabled":true,"_links":{"self":[{"href":"https:\/\/santuariodosameiro.pt\/loja\/wp-json\/wp\/v2\/product\/20270","targetHints":{"allow":["GET"]}}],"collection":[{"href":"https:\/\/santuariodosameiro.pt\/loja\/wp-json\/wp\/v2\/product"}],"about":[{"href":"https:\/\/santuariodosameiro.pt\/loja\/wp-json\/wp\/v2\/types\/product"}],"wp:featuredmedia":[{"embeddable":true,"href":"https:\/\/santuariodosameiro.pt\/loja\/wp-json\/wp\/v2\/media\/20277"}],"wp:attachment":[{"href":"https:\/\/santuariodosameiro.pt\/loja\/wp-json\/wp\/v2\/media?parent=20270"}],"wp:term":[{"taxonomy":"product_brand","embeddable":true,"href":"https:\/\/santuariodosameiro.pt\/loja\/wp-json\/wp\/v2\/product_brand?post=20270"},{"taxonomy":"product_cat","embeddable":true,"href":"https:\/\/santuariodosameiro.pt\/loja\/wp-json\/wp\/v2\/product_cat?post=20270"},{"taxonomy":"product_tag","embeddable":true,"href":"https:\/\/santuariodosameiro.pt\/loja\/wp-json\/wp\/v2\/product_tag?post=20270"}],"curies":[{"name":"wp","href":"https:\/\/api.w.org\/{rel}","templated":true}]}}