{"id":20975,"date":"2023-01-24T12:18:16","date_gmt":"2023-01-24T12:18:16","guid":{"rendered":"https:\/\/santuariodosameiro.pt\/loja\/?post_type=product&#038;p=20975"},"modified":"2023-09-16T12:54:01","modified_gmt":"2023-09-16T12:54:01","slug":"terco-com-contas-cor-de-rosa-com-brilhos-53cm","status":"publish","type":"product","link":"https:\/\/santuariodosameiro.pt\/loja\/produto\/artigos-religiosos\/tercos-artigos-religiosos\/terco-com-contas-cor-de-rosa-com-brilhos-53cm\/","title":{"rendered":"Ter\u00e7o com contas cor-de-rosa com brilhos 53cm"},"content":{"rendered":"<p>Ter\u00e7o com contas brilhantes 53cm. Este ter\u00e7o muito bonito e brilhante tem cruz prateada e medalha com a imagem da Nossa Senhora do Sameiro no passador.<\/p>\n<p>Duas cores diferentes<\/p>\n","protected":false},"excerpt":{"rendered":"<p>Ter\u00e7o com contas brilhantes 53cm. Este ter\u00e7o muito bonito e brilhante tem cruz prateada e medalha com a imagem da Nossa Senhora do Sameiro no passador. Duas cores diferentes<\/p>\n","protected":false},"featured_media":20990,"template":"","meta":{"om_disable_all_campaigns":false,"_monsterinsights_skip_tracking":false,"_monsterinsights_sitenote_active":false,"_monsterinsights_sitenote_note":"","_monsterinsights_sitenote_category":0},"product_brand":[],"product_cat":[163,36],"product_tag":[],"class_list":{"0":"post-20975","1":"product","2":"type-product","3":"status-publish","4":"has-post-thumbnail","6":"product_cat-tercos-artigos-religiosos","7":"product_cat-artigos-religiosos","8":"tm-no-options","10":"first","11":"outofstock","12":"taxable","13":"shipping-taxable","14":"purchasable","15":"product-type-variable"},"aioseo_notices":[],"yoast_head":"<!-- This site is optimized with the Yoast SEO plugin v27.5 - https:\/\/yoast.com\/product\/yoast-seo-wordpress\/ -->\n<title>Ter\u00e7o com contas cor-de-rosa com brilhos 53cm<\/title>\n<meta name=\"robots\" content=\"index, follow, max-snippet:-1, max-image-preview:large, max-video-preview:-1\" \/>\n<link rel=\"canonical\" href=\"https:\/\/santuariodosameiro.pt\/loja\/produto\/artigos-religiosos\/tercos-artigos-religiosos\/terco-com-contas-cor-de-rosa-com-brilhos-53cm\/\" \/>\n<meta property=\"og:locale\" content=\"pt_PT\" \/>\n<meta property=\"og:type\" content=\"article\" \/>\n<meta property=\"og:title\" content=\"Ter\u00e7o com contas cor-de-rosa com brilhos 53cm\" \/>\n<meta property=\"og:description\" content=\"Ter\u00e7o com contas brilhantes 53cm. Este ter\u00e7o muito bonito e brilhante tem cruz prateada e medalha com a imagem da Nossa Senhora do Sameiro no passador. Duas cores diferentes\" \/>\n<meta property=\"og:url\" content=\"https:\/\/santuariodosameiro.pt\/loja\/produto\/artigos-religiosos\/tercos-artigos-religiosos\/terco-com-contas-cor-de-rosa-com-brilhos-53cm\/\" \/>\n<meta property=\"og:site_name\" content=\"Loja oficial do Santu\u00e1rio do Sameiro\" \/>\n<meta property=\"article:modified_time\" content=\"2023-09-16T12:54:01+00:00\" \/>\n<meta property=\"og:image\" content=\"https:\/\/santuariodosameiro.pt\/loja\/wp-content\/uploads\/2023\/01\/009-011-503-R73571-Terco-com-contas-cor-de-rosa-com-brilhos-53cm_Santuario-do-Sameiro-Braga-Portugal.cortado.jpg\" \/>\n\t<meta property=\"og:image:width\" content=\"1000\" \/>\n\t<meta property=\"og:image:height\" content=\"1000\" \/>\n\t<meta property=\"og:image:type\" content=\"image\/jpeg\" \/>\n<meta name=\"twitter:card\" content=\"summary_large_image\" \/>\n<meta name=\"twitter:label1\" content=\"Tempo estimado de leitura\" \/>\n\t<meta name=\"twitter:data1\" content=\"1 minuto\" \/>\n<script type=\"application\/ld+json\" class=\"yoast-schema-graph\">{\"@context\":\"https:\\\/\\\/schema.org\",\"@graph\":[{\"@type\":\"WebPage\",\"@id\":\"https:\\\/\\\/santuariodosameiro.pt\\\/loja\\\/produto\\\/artigos-religiosos\\\/tercos-artigos-religiosos\\\/terco-com-contas-cor-de-rosa-com-brilhos-53cm\\\/\",\"url\":\"https:\\\/\\\/santuariodosameiro.pt\\\/loja\\\/produto\\\/artigos-religiosos\\\/tercos-artigos-religiosos\\\/terco-com-contas-cor-de-rosa-com-brilhos-53cm\\\/\",\"name\":\"Ter\u00e7o com contas cor-de-rosa com brilhos 53cm\",\"isPartOf\":{\"@id\":\"https:\\\/\\\/santuariodosameiro.pt\\\/loja\\\/#website\"},\"primaryImageOfPage\":{\"@id\":\"https:\\\/\\\/santuariodosameiro.pt\\\/loja\\\/produto\\\/artigos-religiosos\\\/tercos-artigos-religiosos\\\/terco-com-contas-cor-de-rosa-com-brilhos-53cm\\\/#primaryimage\"},\"image\":{\"@id\":\"https:\\\/\\\/santuariodosameiro.pt\\\/loja\\\/produto\\\/artigos-religiosos\\\/tercos-artigos-religiosos\\\/terco-com-contas-cor-de-rosa-com-brilhos-53cm\\\/#primaryimage\"},\"thumbnailUrl\":\"https:\\\/\\\/santuariodosameiro.pt\\\/loja\\\/wp-content\\\/uploads\\\/2023\\\/01\\\/009-011-503-R73571-Terco-com-contas-cor-de-rosa-com-brilhos-53cm_Santuario-do-Sameiro-Braga-Portugal.cortado.jpg\",\"datePublished\":\"2023-01-24T12:18:16+00:00\",\"dateModified\":\"2023-09-16T12:54:01+00:00\",\"breadcrumb\":{\"@id\":\"https:\\\/\\\/santuariodosameiro.pt\\\/loja\\\/produto\\\/artigos-religiosos\\\/tercos-artigos-religiosos\\\/terco-com-contas-cor-de-rosa-com-brilhos-53cm\\\/#breadcrumb\"},\"inLanguage\":\"pt-PT\",\"potentialAction\":[{\"@type\":\"ReadAction\",\"target\":[\"https:\\\/\\\/santuariodosameiro.pt\\\/loja\\\/produto\\\/artigos-religiosos\\\/tercos-artigos-religiosos\\\/terco-com-contas-cor-de-rosa-com-brilhos-53cm\\\/\"]}]},{\"@type\":\"ImageObject\",\"inLanguage\":\"pt-PT\",\"@id\":\"https:\\\/\\\/santuariodosameiro.pt\\\/loja\\\/produto\\\/artigos-religiosos\\\/tercos-artigos-religiosos\\\/terco-com-contas-cor-de-rosa-com-brilhos-53cm\\\/#primaryimage\",\"url\":\"https:\\\/\\\/santuariodosameiro.pt\\\/loja\\\/wp-content\\\/uploads\\\/2023\\\/01\\\/009-011-503-R73571-Terco-com-contas-cor-de-rosa-com-brilhos-53cm_Santuario-do-Sameiro-Braga-Portugal.cortado.jpg\",\"contentUrl\":\"https:\\\/\\\/santuariodosameiro.pt\\\/loja\\\/wp-content\\\/uploads\\\/2023\\\/01\\\/009-011-503-R73571-Terco-com-contas-cor-de-rosa-com-brilhos-53cm_Santuario-do-Sameiro-Braga-Portugal.cortado.jpg\",\"width\":1000,\"height\":1000},{\"@type\":\"BreadcrumbList\",\"@id\":\"https:\\\/\\\/santuariodosameiro.pt\\\/loja\\\/produto\\\/artigos-religiosos\\\/tercos-artigos-religiosos\\\/terco-com-contas-cor-de-rosa-com-brilhos-53cm\\\/#breadcrumb\",\"itemListElement\":[{\"@type\":\"ListItem\",\"position\":1,\"name\":\"In\u00edcio\",\"item\":\"https:\\\/\\\/santuariodosameiro.pt\\\/loja\\\/\"},{\"@type\":\"ListItem\",\"position\":2,\"name\":\"Loja\",\"item\":\"https:\\\/\\\/santuariodosameiro.pt\\\/loja\\\/loja\\\/\"},{\"@type\":\"ListItem\",\"position\":3,\"name\":\"Ter\u00e7o com contas cor-de-rosa com brilhos 53cm\"}]},{\"@type\":\"WebSite\",\"@id\":\"https:\\\/\\\/santuariodosameiro.pt\\\/loja\\\/#website\",\"url\":\"https:\\\/\\\/santuariodosameiro.pt\\\/loja\\\/\",\"name\":\"Loja oficial do Santu\u00e1rio do Sameiro\",\"description\":\"Recorda\u00e7\u00f5es com imagem de Nossa Senhora do Sameiro e do Santu\u00e1rio do Sameiro.\",\"potentialAction\":[{\"@type\":\"SearchAction\",\"target\":{\"@type\":\"EntryPoint\",\"urlTemplate\":\"https:\\\/\\\/santuariodosameiro.pt\\\/loja\\\/?s={search_term_string}\"},\"query-input\":{\"@type\":\"PropertyValueSpecification\",\"valueRequired\":true,\"valueName\":\"search_term_string\"}}],\"inLanguage\":\"pt-PT\"}]}<\/script>\n<!-- \/ Yoast SEO plugin. -->","yoast_head_json":{"title":"Ter\u00e7o com contas cor-de-rosa com brilhos 53cm","robots":{"index":"index","follow":"follow","max-snippet":"max-snippet:-1","max-image-preview":"max-image-preview:large","max-video-preview":"max-video-preview:-1"},"canonical":"https:\/\/santuariodosameiro.pt\/loja\/produto\/artigos-religiosos\/tercos-artigos-religiosos\/terco-com-contas-cor-de-rosa-com-brilhos-53cm\/","og_locale":"pt_PT","og_type":"article","og_title":"Ter\u00e7o com contas cor-de-rosa com brilhos 53cm","og_description":"Ter\u00e7o com contas brilhantes 53cm. Este ter\u00e7o muito bonito e brilhante tem cruz prateada e medalha com a imagem da Nossa Senhora do Sameiro no passador. Duas cores diferentes","og_url":"https:\/\/santuariodosameiro.pt\/loja\/produto\/artigos-religiosos\/tercos-artigos-religiosos\/terco-com-contas-cor-de-rosa-com-brilhos-53cm\/","og_site_name":"Loja oficial do Santu\u00e1rio do Sameiro","article_modified_time":"2023-09-16T12:54:01+00:00","og_image":[{"width":1000,"height":1000,"url":"https:\/\/santuariodosameiro.pt\/loja\/wp-content\/uploads\/2023\/01\/009-011-503-R73571-Terco-com-contas-cor-de-rosa-com-brilhos-53cm_Santuario-do-Sameiro-Braga-Portugal.cortado.jpg","type":"image\/jpeg"}],"twitter_card":"summary_large_image","twitter_misc":{"Tempo estimado de leitura":"1 minuto"},"schema":{"@context":"https:\/\/schema.org","@graph":[{"@type":"WebPage","@id":"https:\/\/santuariodosameiro.pt\/loja\/produto\/artigos-religiosos\/tercos-artigos-religiosos\/terco-com-contas-cor-de-rosa-com-brilhos-53cm\/","url":"https:\/\/santuariodosameiro.pt\/loja\/produto\/artigos-religiosos\/tercos-artigos-religiosos\/terco-com-contas-cor-de-rosa-com-brilhos-53cm\/","name":"Ter\u00e7o com contas cor-de-rosa com brilhos 53cm","isPartOf":{"@id":"https:\/\/santuariodosameiro.pt\/loja\/#website"},"primaryImageOfPage":{"@id":"https:\/\/santuariodosameiro.pt\/loja\/produto\/artigos-religiosos\/tercos-artigos-religiosos\/terco-com-contas-cor-de-rosa-com-brilhos-53cm\/#primaryimage"},"image":{"@id":"https:\/\/santuariodosameiro.pt\/loja\/produto\/artigos-religiosos\/tercos-artigos-religiosos\/terco-com-contas-cor-de-rosa-com-brilhos-53cm\/#primaryimage"},"thumbnailUrl":"https:\/\/santuariodosameiro.pt\/loja\/wp-content\/uploads\/2023\/01\/009-011-503-R73571-Terco-com-contas-cor-de-rosa-com-brilhos-53cm_Santuario-do-Sameiro-Braga-Portugal.cortado.jpg","datePublished":"2023-01-24T12:18:16+00:00","dateModified":"2023-09-16T12:54:01+00:00","breadcrumb":{"@id":"https:\/\/santuariodosameiro.pt\/loja\/produto\/artigos-religiosos\/tercos-artigos-religiosos\/terco-com-contas-cor-de-rosa-com-brilhos-53cm\/#breadcrumb"},"inLanguage":"pt-PT","potentialAction":[{"@type":"ReadAction","target":["https:\/\/santuariodosameiro.pt\/loja\/produto\/artigos-religiosos\/tercos-artigos-religiosos\/terco-com-contas-cor-de-rosa-com-brilhos-53cm\/"]}]},{"@type":"ImageObject","inLanguage":"pt-PT","@id":"https:\/\/santuariodosameiro.pt\/loja\/produto\/artigos-religiosos\/tercos-artigos-religiosos\/terco-com-contas-cor-de-rosa-com-brilhos-53cm\/#primaryimage","url":"https:\/\/santuariodosameiro.pt\/loja\/wp-content\/uploads\/2023\/01\/009-011-503-R73571-Terco-com-contas-cor-de-rosa-com-brilhos-53cm_Santuario-do-Sameiro-Braga-Portugal.cortado.jpg","contentUrl":"https:\/\/santuariodosameiro.pt\/loja\/wp-content\/uploads\/2023\/01\/009-011-503-R73571-Terco-com-contas-cor-de-rosa-com-brilhos-53cm_Santuario-do-Sameiro-Braga-Portugal.cortado.jpg","width":1000,"height":1000},{"@type":"BreadcrumbList","@id":"https:\/\/santuariodosameiro.pt\/loja\/produto\/artigos-religiosos\/tercos-artigos-religiosos\/terco-com-contas-cor-de-rosa-com-brilhos-53cm\/#breadcrumb","itemListElement":[{"@type":"ListItem","position":1,"name":"In\u00edcio","item":"https:\/\/santuariodosameiro.pt\/loja\/"},{"@type":"ListItem","position":2,"name":"Loja","item":"https:\/\/santuariodosameiro.pt\/loja\/loja\/"},{"@type":"ListItem","position":3,"name":"Ter\u00e7o com contas cor-de-rosa com brilhos 53cm"}]},{"@type":"WebSite","@id":"https:\/\/santuariodosameiro.pt\/loja\/#website","url":"https:\/\/santuariodosameiro.pt\/loja\/","name":"Loja oficial do Santu\u00e1rio do Sameiro","description":"Recorda\u00e7\u00f5es com imagem de Nossa Senhora do Sameiro e do Santu\u00e1rio do Sameiro.","potentialAction":[{"@type":"SearchAction","target":{"@type":"EntryPoint","urlTemplate":"https:\/\/santuariodosameiro.pt\/loja\/?s={search_term_string}"},"query-input":{"@type":"PropertyValueSpecification","valueRequired":true,"valueName":"search_term_string"}}],"inLanguage":"pt-PT"}]}},"wcol_rules":[],"jetpack-related-posts":[],"jetpack_sharing_enabled":true,"_links":{"self":[{"href":"https:\/\/santuariodosameiro.pt\/loja\/wp-json\/wp\/v2\/product\/20975","targetHints":{"allow":["GET"]}}],"collection":[{"href":"https:\/\/santuariodosameiro.pt\/loja\/wp-json\/wp\/v2\/product"}],"about":[{"href":"https:\/\/santuariodosameiro.pt\/loja\/wp-json\/wp\/v2\/types\/product"}],"wp:featuredmedia":[{"embeddable":true,"href":"https:\/\/santuariodosameiro.pt\/loja\/wp-json\/wp\/v2\/media\/20990"}],"wp:attachment":[{"href":"https:\/\/santuariodosameiro.pt\/loja\/wp-json\/wp\/v2\/media?parent=20975"}],"wp:term":[{"taxonomy":"product_brand","embeddable":true,"href":"https:\/\/santuariodosameiro.pt\/loja\/wp-json\/wp\/v2\/product_brand?post=20975"},{"taxonomy":"product_cat","embeddable":true,"href":"https:\/\/santuariodosameiro.pt\/loja\/wp-json\/wp\/v2\/product_cat?post=20975"},{"taxonomy":"product_tag","embeddable":true,"href":"https:\/\/santuariodosameiro.pt\/loja\/wp-json\/wp\/v2\/product_tag?post=20975"}],"curies":[{"name":"wp","href":"https:\/\/api.w.org\/{rel}","templated":true}]}}